{"id":1772,"date":"2020-12-18T09:56:41","date_gmt":"2020-12-18T09:56:41","guid":{"rendered":"http:\/\/1000zaracotas.com\/?page_id=1772"},"modified":"2020-12-29T17:52:47","modified_gmt":"2020-12-29T17:52:47","slug":"politica-de-cookies-de-la-pagina-web-1000zaracotas","status":"publish","type":"page","link":"https:\/\/1000zaracotas.com\/index.php\/politica-de-cookies-de-la-pagina-web-1000zaracotas\/","title":{"rendered":"POL\u00cdTICA DE COOKIES"},"content":{"rendered":"\n<h2 class=\"has-colibri-color-6-color has-text-color has-background\" style=\"background-color:#9209c8\"><strong>Pol\u00edtica de cookies de la pagina web 1000Zaracotas<\/strong><\/h2>\n\n\n\n<p>Esta p\u00e1gina web usa cookies para mejorar la experiencia del usuario. A continuaci\u00f3n, encontrar\u00e1 informaci\u00f3n sobre qu\u00e9 son las cookies, qu\u00e9 tipo de cookies utiliza esta p\u00e1gina, c\u00f3mo puede desactivar las cookies en su navegador y c\u00f3mo desactivar espec\u00edficamente la instalaci\u00f3n de cookies de terceros. Si no encuentra la informaci\u00f3n espec\u00edfica que usted est\u00e1 buscando, por favor env\u00ede un correo a <a href=\"mailto:1000zaracotas@gmail.com\">1000zaracotas@gmail.com<\/a>.<\/p>\n\n\n\n<p>De conformidad con la normativa espa\u00f1ola que regula el uso de cookies en relaci\u00f3n a la prestaci\u00f3n de servicios de comunicaciones electr\u00f3nicas, recogida en el Real Decreto Ley 13\/2012 del 30 de marzo, le informamos sobre las cookies utilizadas en el sitio web de <strong>1000ZARACOTAS<\/strong> y el motivo de su uso. Asimismo, le informa de que al navegar en el Sitio Web usted est\u00e1 prestando su consentimiento para poder utilizarlas.<\/p>\n\n\n\n<h2 class=\"has-text-color\" style=\"color:#9209c8\"><strong><u>QU\u00c9 ES ESTO DE LAS COOKIES<\/u><\/strong>.<\/h2>\n\n\n\n<p>Una cookie es un fichero que se descarga en su ordenador al acceder a determinadas p\u00e1ginas web. Las cookies permiten a una p\u00e1gina web, en este caso a 1000ZARACOTAS, &nbsp;entre otras cosas, almacenar y recuperar informaci\u00f3n sobre los h\u00e1bitos de navegaci\u00f3n de un usuario o de su equipo y, dependiendo de la informaci\u00f3n que contengan y de la forma en que utilice su equipo, pueden utilizarse para identificar al usuario. Las cookies se asocian \u00fanicamente a un usuario an\u00f3nimo y a su ordenador o dispositivo y no proporcionan referencias que permitan conocer sus datos personales.<\/p>\n\n\n\n<h2 class=\"has-text-color\" style=\"color:#9209c8\"><strong><u>QUE COOKIES EST\u00c1N AFECTADAS POR LA NORMATIVA Y CUALES EST\u00c1N&nbsp; EXENTAS<\/u><\/strong>.<\/h2>\n\n\n\n<p>Seg\u00fan la directiva de la UE, las cookies que requieren el consentimiento informado por parte del usuario son las cookies de anal\u00edtica y las de publicidad y afiliaci\u00f3n, quedando exceptuadas las de car\u00e1cter t\u00e9cnico y las necesarias para el funcionamiento del sitio web o la prestaci\u00f3n de servicios expresamente demandados por el usuario.<\/p>\n\n\n\n<h2 class=\"has-text-color\" style=\"color:#9209c8\"><strong><u>CUANTAS CLASES DE COOKIES EXISTEN<\/u><\/strong>.<\/h2>\n\n\n\n<ol type=\"1\"><li>Seg\u00fan la <strong>entidad<\/strong> que las gestione, hay <strong>Cookies propias<\/strong> (aqu\u00e9llas que se env\u00edan al equipo terminal del usuario desde un equipo o dominio gestionado por el propio editor y desde el que se presta el servicio Solicitado por el usuario) y <strong>de terceros<\/strong> (las que se env\u00edan al equipo terminal del usuario desde un equipo o dominio que no es gestionado por el editor, sino por otra entidad que trata los datos obtenidos trav\u00e9s de las cookies).<\/li><li>Seg\u00fan el <strong>tiempo<\/strong> que permanecen activas, existen las de <strong>sesi\u00f3n<\/strong> (dise\u00f1adas para recabar y almacenar datos mientras el usuario accede a una p\u00e1gina web) y las <strong>persistentes<\/strong> (en las que los datos se almacenan en el terminal y pueden ser accedidos y tratados durante un periodo definido por el responsable de la cookie.<\/li><li>Seg\u00fan la <strong>finalidad<\/strong> para la que traten la informaci\u00f3n que recopilan, pueden ser:<\/li><li><strong>Cookies t\u00e9cnicas<\/strong> (necesarias para el uso de la web y la prestaci\u00f3n del servicio contratado).<\/li><li><strong>Cookies de personalizaci\u00f3n<\/strong> (que permiten al usuario acceder al servicio con caracter\u00edsticas predefinidas, como por ejemplo el idioma, tipo de navegador, configuraci\u00f3n regional, etc.)<\/li><li><strong>Cookies de an\u00e1lisis<\/strong> (recogen informaci\u00f3n el uso que se realiza de la web).<\/li><li><strong>Cookies publicitarias<\/strong> (recogen informaci\u00f3n sobre las preferencias y elecciones personales de los usuarios).<\/li><li><strong>Cookies de afiliados<\/strong> (permiten realizar un seguimiento de las visitas procedentes de otras webs, con las que el sitio web establece un contrato de afiliaci\u00f3n).<\/li><\/ol>\n\n\n\n<h2 class=\"has-text-color\" style=\"color:#9209c8\"><strong><u>TIPOS DE COOKIES UTILIZADAS POR EL SITIO WEB 1000ZARACOTAS<\/u><\/strong>.<\/h2>\n\n\n\n<p>Este sitio Web puede instalar las siguientes cookies:<\/p>\n\n\n\n<p><strong>Cookies t\u00e9cnicas<\/strong><\/p>\n\n\n\n<ul><li><strong>wp-settings-{user_id}:<\/strong> Cookie t\u00e9cnica que se usa para mantener la configuraci\u00f3n del usuario en wp-admin. Es persistente y tiene una duraci\u00f3n de 1 a\u00f1o.<\/li><li><strong>hasConsent:<\/strong> Cookie t\u00e9cnica que almacena el consentimiento del usuario. Es persistente y tiene una duraci\u00f3n de 1 a\u00f1o.<\/li><li><strong>Hascontent.<\/strong><\/li><li><strong>WordPress_test_cookie<\/strong>.<\/li><\/ul>\n\n\n\n<p><strong>Cookies de an\u00e1lisis o medici\u00f3n<\/strong><\/p>\n\n\n\n<ul><li><strong>_ga:<\/strong> Cookie Anal\u00edtica que habilita la funci\u00f3n de control de visitas \u00fanicas. Es persistente y tiene una duraci\u00f3n de 2 a\u00f1os.<\/li><li><strong>_gat:<\/strong> Cookie Anal\u00edtica para limitar el n\u00famero de solicitudes. Su \u00e1mbito es la sesi\u00f3n y tiene una duraci\u00f3n de 1 minuto.<\/li><li><strong>_gid:<\/strong> Cookie Anal\u00edtica para distinguir usuarios. Su \u00e1mbito es la sesi\u00f3n y tiene una duraci\u00f3n de 24 horas.<\/li><\/ul>\n\n\n\n<p>Informaci\u00f3n adicional:<\/p>\n\n\n\n<ul><li>Google Analytics puede instalar otras cookies seg\u00fan el documento <a href=\"https:\/\/developers.google.com\/analytics\/devguides\/collection\/analyticsjs\/cookie-usage?hl=es\" target=\"_blank\" rel=\"noreferrer noopener\">Uso de las cookies de Google Analytics en sitios web<\/a>.<\/li><\/ul>\n\n\n\n<p><strong>Cookies sociales<\/strong><\/p>\n\n\n\n<ul><li>El sitio Web incluye otras funcionalidades proporcionadas por servicios de terceros y redes sociales para mejorar la experiencia de los visitantes. Usted puede compartir el contenido en tus redes sociales como \u00abFacebook\u00bb, \u00abTwitter\u00bb, \u00abInstagram\u00bb, \u00abVimeo\u00bb o \u00abYouTube\u00bb con los botones incluidos a tal efecto o con las herramientas para compartir propias de las redes sociales. Como resultado, estos servicios pueden instalar cookies y utilizarlas para rastrear su actividad online. No tenemos control directo sobre la informaci\u00f3n recopilada por estas cookies.<\/li><\/ul>\n\n\n\n<p>El sitio Web puede instalar otras cookies:<\/p>\n\n\n\n<p>cookie_notice_accepted wp-settings-* <strong><br><\/strong><\/p>\n\n\n\n<h2 class=\"has-text-color\" style=\"color:#9209c8\"><strong><u>\u00bfPUEDO ELEGIR QUE COOKIES INSTALAR<\/u><\/strong>?<\/h2>\n\n\n\n<p>En todo momento podr\u00e1 acceder a la configuraci\u00f3n de su navegador aceptando o rechazando todas las cookies, o bien seleccionar aqu\u00e9llas cuya instalaci\u00f3n admite y cu\u00e1les no, siguiendo uno de los siguientes procedimientos, que depende del navegador que utilice:<\/p>\n\n\n\n<p><strong>Google Chrome<\/strong> (en el Men\u00fa Herramientas):<\/p>\n\n\n\n<p>Configuraci\u00f3n &gt; Mostrar opciones avanzadas &gt; Privacidad (Configuraci\u00f3n de contenido) &gt; Cookies: https:\/\/support.google.com\/chrome\/answer\/95647?co=GENIE.Platform%3DDesktopandhl=es<\/p>\n\n\n\n<p><strong>Microsoft Internet Explorer<\/strong> (en el Men\u00fa Herramientas):<\/p>\n\n\n\n<p>Opciones de Internet &gt; Privacidad &gt; Avanzada: https:\/\/support.microsoft.com\/es-es\/help\/17442\/windows-internet-explorer-delete-manage-cookies<\/p>\n\n\n\n<p><strong>Firefox:<\/strong><\/p>\n\n\n\n<p>Opciones &gt; Privacidad &gt; Cookies: https:\/\/support.mozilla.org\/es\/kb\/habilitar-y-deshabilitar-cookies-sitios-web-rastrear-preferencias<\/p>\n\n\n\n<p><strong>Safari, iPad y iPhone:<\/strong><\/p>\n\n\n\n<p>Preferencias &gt; Privacidad: https:\/\/support.apple.com\/kb\/ph21411?locale=es_ES<\/p>\n\n\n\n<p><strong>Opera:<\/strong><\/p>\n\n\n\n<p>Configuraci\u00f3n &gt; Opciones &gt; Avanzado &gt; Cookies: <a href=\"http:\/\/help.opera.com\/Windows\/12.00\/es-ES\/cookies.html\">http:\/\/help.opera.com\/Windows\/12.00\/es-ES\/cookies.html<\/a><\/p>\n\n\n\n<p>Estos navegadores est\u00e1n sometidos a actualizaciones o modificaciones, por lo que no podemos garantizar que se ajusten completamente a la versi\u00f3n de su navegador. Tambi\u00e9n puede ser que utilice otro navegador no contemplado en estos enlaces como Konqueror, Arora, Flock, etc. Para evitar estos desajustes, puede acceder directamente desde las opciones de su navegador, generalmente en el men\u00fa de &nbsp;\u00abOpciones\u00bb en la secci\u00f3n de \u00abPrivacidad\u00bb.<\/p>\n\n\n\n<h2 class=\"has-text-color\" style=\"color:#9209c8\"><strong><u>DESACTIVACI\u00d3N\/ACTIVACI\u00d3N Y ELIMINACI\u00d3N DE COOKIES COOKIES.<\/u><\/strong><\/h2>\n\n\n\n<p>Para restringir o bloquear las cookies, se hace a trav\u00e9s de la configuraci\u00f3n del navegador.<\/p>\n\n\n\n<p>Si no desea que los sitios web pongan ninguna cookie en su equipo, puede adaptar la configuraci\u00f3n del navegador de modo que se le notifique antes de que se coloque ninguna cookie. De igual modo, puede adaptar la configuraci\u00f3n de forma que el navegador rechace todas las cookies, o \u00fanicamente las cookies de terceros. Tambi\u00e9n puede eliminar cualquiera de las cookies que ya se encuentren en el equipo.<\/p>\n\n\n\n<p>Tenga en cuenta que si no desea recibir cookies, ya no podremos garantizar que nuestro sitio web funcione debidamente. Puede que algunas funciones del sitio se pierdan y es posible que ya no pueda ver ciertos sitios web. Adem\u00e1s, rechazar las cookies no significa que ya no vaya a ver anuncios publicitarios. Simplemente los anuncios no se ajustar\u00e1n a sus intereses y se repetir\u00e1n con m\u00e1s frecuencia.<\/p>\n\n\n\n<p>Cada navegador posee un m\u00e9todo distinto para adaptar la configuraci\u00f3n. Si fuera necesario, consulte la funci\u00f3n de ayuda del navegador para establecer la configuraci\u00f3n correcta.<\/p>\n\n\n\n<p>Para desactivar las cookies en el tel\u00e9fono m\u00f3vil, consulte el manual del dispositivo para obtener m\u00e1s informaci\u00f3n.<\/p>\n\n\n\n<p>Puede obtener m\u00e1s informaci\u00f3n sobre las cookies en Internet: <strong>http:\/\/www.aboutcookies.org\/.<\/strong><\/p>\n\n\n\n<p>Teniendo en cuenta la forma en la que funciona Internet y los sitios web, no siempre contamos con informaci\u00f3n de las cookies que colocan terceras partes a trav\u00e9s de nuestro sitio web. Esto se aplica especialmente a casos en los que nuestra p\u00e1gina web contiene lo que se denominan elementos integrados: textos, documentos, im\u00e1genes o breves pel\u00edculas que se almacenan en otra parte, pero se muestran en nuestro sitio web o a trav\u00e9s del mismo.<\/p>\n\n\n\n<p>Por consiguiente, en caso de que se encuentre con este tipo de cookies en este sitio web y no est\u00e9n enumeradas en la lista anterior, le rogamos que nos lo comunique. Tambi\u00e9n puede ponerse en contacto directamente con el tercero para pedirle informaci\u00f3n sobre las cookies que coloca, la finalidad y la duraci\u00f3n.<\/p>\n\n\n\n<h2 class=\"has-text-color\" style=\"color:#9209c8\"><strong><u>\u00bfQU\u00c9 OCURRE CON MIS DATOS PERSONALES?<\/u><\/strong><\/h2>\n\n\n\n<p>1000ZARACOTAS es el Responsable del tratamiento de los datos personales del usuario. Usted puede consultar toda la informaci\u00f3n relativa al tratamiento de datos personales que recoge el Titular en la p\u00e1gina de Aviso Legal y Pol\u00edtica de Privacidad.<\/p>\n\n\n\n<h2 class=\"has-text-color\" style=\"color:#9209c8\"><strong><strong><u>CONTACTO.<\/u><\/strong><\/strong><\/h2>\n\n\n\n<p>En caso de que tenga cualquier duda acerca de esta Pol\u00edtica de Cookies o quiera realizar cualquier comentario sobre este sitio Web, puede enviar un mensaje de correo electr\u00f3nico a la direcci\u00f3n 1000zaracotas@gmail.com.<\/p>\n","protected":false},"excerpt":{"rendered":"<p>Pol\u00edtica de cookies de la pagina web 1000Zaracotas Esta p\u00e1gina web usa cookies para mejorar la experiencia del usuario. A continuaci\u00f3n, encontrar\u00e1 informaci\u00f3n sobre qu\u00e9 son las cookies, qu\u00e9 tipo de cookies utiliza esta p\u00e1gina, c\u00f3mo puede desactivar las cookies en su navegador y c\u00f3mo desactivar espec\u00edficamente la instalaci\u00f3n de cookies de terceros. Si no [&hellip;]<\/p>\n","protected":false},"author":2,"featured_media":0,"parent":0,"menu_order":0,"comment_status":"closed","ping_status":"closed","template":"","meta":[],"yoast_head":"<!-- This site is optimized with the Yoast SEO plugin v15.7 - https:\/\/yoast.com\/wordpress\/plugins\/seo\/ -->\n<title>Pol\u00edtica Cookies ~ 1000ZARACOTAS<\/title>\n<meta name=\"description\" content=\"Pol\u00edtica de cookies de la p\u00e1gina Web 1000ZARACOTAS.\" \/>\n<meta name=\"robots\" content=\"index, follow, max-snippet:-1, max-image-preview:large, max-video-preview:-1\" \/>\n<link rel=\"canonical\" href=\"https:\/\/1000zaracotas.com\/index.php\/politica-de-cookies-de-la-pagina-web-1000zaracotas\/\" \/>\n<meta property=\"og:locale\" content=\"es_ES\" \/>\n<meta property=\"og:type\" content=\"article\" \/>\n<meta property=\"og:title\" content=\"Pol\u00edtica Cookies ~ 1000ZARACOTAS\" \/>\n<meta property=\"og:description\" content=\"Pol\u00edtica de cookies de la p\u00e1gina Web 1000ZARACOTAS.\" \/>\n<meta property=\"og:url\" content=\"https:\/\/1000zaracotas.com\/index.php\/politica-de-cookies-de-la-pagina-web-1000zaracotas\/\" \/>\n<meta property=\"og:site_name\" content=\"1000ZARACOTAS\" \/>\n<meta property=\"article:modified_time\" content=\"2020-12-29T17:52:47+00:00\" \/>\n<meta name=\"twitter:card\" content=\"summary_large_image\" \/>\n<meta name=\"twitter:label1\" content=\"Tiempo de lectura\">\n\t<meta name=\"twitter:data1\" content=\"8 minutos\">\n<script type=\"application\/ld+json\" class=\"yoast-schema-graph\">{\"@context\":\"https:\/\/schema.org\",\"@graph\":[{\"@type\":\"WebSite\",\"@id\":\"https:\/\/1000zaracotas.com\/#website\",\"url\":\"https:\/\/1000zaracotas.com\/\",\"name\":\"1000ZARACOTAS\",\"description\":\"Cl\\u00ednica Veterinaria, Perros, Gatos, Animales Ex\\u00f3ticos\",\"potentialAction\":[{\"@type\":\"SearchAction\",\"target\":\"https:\/\/1000zaracotas.com\/?s={search_term_string}\",\"query-input\":\"required name=search_term_string\"}],\"inLanguage\":\"es\"},{\"@type\":\"WebPage\",\"@id\":\"https:\/\/1000zaracotas.com\/index.php\/politica-de-cookies-de-la-pagina-web-1000zaracotas\/#webpage\",\"url\":\"https:\/\/1000zaracotas.com\/index.php\/politica-de-cookies-de-la-pagina-web-1000zaracotas\/\",\"name\":\"Pol\\u00edtica Cookies ~ 1000ZARACOTAS\",\"isPartOf\":{\"@id\":\"https:\/\/1000zaracotas.com\/#website\"},\"datePublished\":\"2020-12-18T09:56:41+00:00\",\"dateModified\":\"2020-12-29T17:52:47+00:00\",\"description\":\"Pol\\u00edtica de cookies de la p\\u00e1gina Web 1000ZARACOTAS.\",\"inLanguage\":\"es\",\"potentialAction\":[{\"@type\":\"ReadAction\",\"target\":[\"https:\/\/1000zaracotas.com\/index.php\/politica-de-cookies-de-la-pagina-web-1000zaracotas\/\"]}]}]}<\/script>\n<!-- \/ Yoast SEO plugin. -->","_links":{"self":[{"href":"https:\/\/1000zaracotas.com\/index.php\/wp-json\/wp\/v2\/pages\/1772"}],"collection":[{"href":"https:\/\/1000zaracotas.com\/index.php\/wp-json\/wp\/v2\/pages"}],"about":[{"href":"https:\/\/1000zaracotas.com\/index.php\/wp-json\/wp\/v2\/types\/page"}],"author":[{"embeddable":true,"href":"https:\/\/1000zaracotas.com\/index.php\/wp-json\/wp\/v2\/users\/2"}],"replies":[{"embeddable":true,"href":"https:\/\/1000zaracotas.com\/index.php\/wp-json\/wp\/v2\/comments?post=1772"}],"version-history":[{"count":8,"href":"https:\/\/1000zaracotas.com\/index.php\/wp-json\/wp\/v2\/pages\/1772\/revisions"}],"predecessor-version":[{"id":1809,"href":"https:\/\/1000zaracotas.com\/index.php\/wp-json\/wp\/v2\/pages\/1772\/revisions\/1809"}],"wp:attachment":[{"href":"https:\/\/1000zaracotas.com\/index.php\/wp-json\/wp\/v2\/media?parent=1772"}],"curies":[{"name":"wp","href":"https:\/\/api.w.org\/{rel}","templated":true}]}}